tens digit of l?
5
What is the units digit of 5 + ((-1812)/(-3) - 0)?
9
Let s(h) = -h**3 - h**2 + 39. Let c be s(0). Suppose 0 = -2*p - 4 - 26. Let g = p + c. What is the tens digit of g?
2
Suppose -2*v = -3*b - 3671 + 538, 4*b - 3140 = -2*v. What is the units digit of 40/(-180) - v/(-9)?
4
Let u(m) be the second derivative of -m**5/20 - m**4/12 - m**3/6 + m**2/2 + 12*m. What is the tens digit of u(-3)?
2
Suppose -2*f + 17 = -17. Suppose -50 = f*m - 22*m. What is the units digit of m?
0
Let c = 3 + 1. Suppose 0 = -c*n - 3 + 15. What is the units digit of ((-36)/(-24))/(n/112)?
6
Let d(i) = 2 - 2 + 4*i + 4*i**2 - 4. Let a = 104 - 108. What is the tens digit of d(a)?
4
Let m(y) = -189*y - 179. What is the hundreds digit of m(-9)?
5
Suppose -4*t - 3*h + 43 = 0, 0*t = -t + h + 2. Suppose -t*b + 654 = -11. What is the units digit of b?
5
What is the hundreds digit of (615 - 17)*(0 + 1) + 0?
5
Let j = 8 - 5. Suppose 0 = -3*n - j*x + 15, 4*n - 10 = -0*n - 2*x. Let u(r) = 4*r + 34. What is the tens digit of u(n)?
3
Suppose -43 = -k + 33. Let l = k + -29. What is the tens digit of l?
4
Suppose 0 = -2*o - 66 + 70. Suppose n = -0*n - 4*z + 23, 5*n + 3*z - 81 = 0. Suppose 3*y - n = g, o*y - y - 4*g - 16 = 0. What is the units digit of y?
4
Suppose 25 = 5*r, 5*t + 4*r = 2*r + 3295. What is the hundreds digit of t?
6
Suppose 8*k + 601 + 103 = 0. What is the tens digit of (12/8 + -2)*k?
4
Let h = -12 + 14. Suppose h*g + 2*g = 40. Suppose 37 = c + g. What is the units digit of c?
7
Suppose 7*c - 2600 = -18*c. What is the tens digit of c?
0
Let a = 27 - 105. Let d = -13 - a. What is the tens digit of d?
6
Suppose 0 = 2*j + 4*c - 198, 0 = -3*j + 2*c + 5 + 284. What is the units digit of j?
7
Suppose -4*q - 5 = 11, 2*f + q - 510 = 0. Suppose f + 91 = 3*v - 4*a, 3*a + 345 = 3*v. What is the units digit of v?
2
What is the tens digit of (3/(-2))/(9/(-3738))?
2
Suppose -3*w + 42*w = 101361. What is the units digit of w?
9
Let u(d) = -d**2 - 11*d + 9. Let m be u(-9). Let n be -4 - 9/(m/102). What is the units digit of 0/(-4) - n - -2?
0
Suppose -3*g - 209 = k - 4*g, -5*k - 1015 = g. What is the units digit of 2/((-8)/k - 0)?
1
Let g be ((-128)/192)/(74/36 + -2). Let z(k) = -3 + 5*k + 3*k + k**2 + 18. What is the units digit of z(g)?
3
Suppose 2*n - 2*x - 2512 = 0, 3*x - 6248 = 8*n - 13*n. What is the thousands digit of n?
1
Let w(u) = 465*u**3 + 3*u - 2. What is the tens digit of w(1)?
6
What is the tens digit of ((-20256)/16)/(-2 - (-9)/6)?
3
Suppose 0 = -3*g + 3*n + 305 + 721, 4*n = 5*g - 1708. Suppose 3*d - g = -14*d. What is the units digit of d?
0
Suppose -2*f - 3*h = -0*f - 4, -2 = -2*f - 4*h. Let b(n) = 2*n**3 - 5*n**2 - 11*n - 4. What is the units digit of b(f)?
6
Let z be (-205)/9 + (-14)/63. Let f = z - -25. What is the units digit of f?
2
Suppose -8*y = -4*y - 24. Suppose t - 3*n - 227 = 0, -3*t + y*t - 667 = -5*n. What is the units digit of t?
4
Suppose -4*a - 128 = 4*p, -2*p + 79 = -4*a - 19. Let l = a + -2. Let f = l + 43. What is the tens digit of f?
1
What is the units digit of 8/14 - (-5440)/35 - -4?
0
Let m(l) = 11 + 0*l**2 + 7*l - l**2 + 4*l**2 - 4. What is the tens digit of m(-4)?
2
Suppose -24 - 111 = -3*q. Let w = -25 + q. What is the tens digit of w?
2
What is the tens digit of (72/(-108))/(1/(-1677))?
1
Suppose -39*k = -38*k - 4. Suppose 0 = 5*n + 10, 4*o - 270 - 638 = -k*n. What is the tens digit of o?
2
Suppose v = -17 - 41. Suppose 0 = -i, 4*i + 303 - 27 = 3*j. Let c = v + j. What is the units digit of c?
4
Let j = 29 - 23. Let l(n) = -n**3 + 7*n**2 - 7*n. Let v be l(j). What is the tens digit of (-605)/(-20) - v/8?
3
Suppose 16*q - 72 = 12*q. Suppose -2*n - q = -106. What is the units digit of n?
4
Let q(w) = 4*w - 122. What is the tens digit of q(35)?
1
Let x = -161 - -476. What is the tens digit of x?
1
What is the tens digit of (-26134)/(-26) - (-14)/(-91)?
0
Suppose 3*f - 5*i = -2*f + 3230, -i = 5*f - 3242. Suppose 5*p = -3*h + 654, 5*p - f = h - 2*h. What is the units digit of p?
9
Suppose 784 - 1972 = 9*i. Let z = 283 + i. What is the tens digit of z?
5
Let d = 5786 - 3295. What is the hundreds digit of d?
4
Let p be (3/(-9))/((-1)/15). Suppose -2*j + 3*j - 3*i = 0, -p*i = -4*j - 7. What is the tens digit of (j + (-4 - -8))*15?
1
Suppose -r - 772 = -5*b - 4*r, 0 = 2*b + r - 308. What is the tens digit of b?
5
Suppose -14*q + 12*q = -172. Suppose 9*k - 329 = -q. What is the tens digit of k?
2
Let p(u) = 3*u**2 - 2*u + 1. Let j be p(1). Suppose h + j*k = -0*k + 52, 0 = -4*h + 2*k + 258. What is the units digit of h?
2
Let j = 517 - -2239. What is the units digit of j?
6
Let a = 612 - 378. What is the tens digit of a?
3
Suppose -14*v - 217 = -15*v + w, -v = -2*w - 212. What is the hundreds digit of v?
2
Let i(b) = b**3 - 11*b**2 + 8*b + 22. Let o be i(10). Let k(m) = 3*m**3 + 4*m**2 - 7*m + 9. What is the units digit of k(o)?
5
Suppose 164*y = 167*y - 1185. What is the hundreds digit of y?
3
Let w be (4 + (706 - -4))*1. Suppose -13*a = -10*a - w. Suppose 4*g - a = 74. What is the units digit of g?
8
Let o(u) be the first derivative of 1/4*u**4 + 11/3*u**3 - 9 - 10*u - 8*u**2. What is the units digit of o(-12)?
8
Suppose 19*i + 12 = 25*i. Let n(p) be the third derivative of p**6/60 + p**5/60 + p**4/12 + p**3/6 + p**2. What is the tens digit of n(i)?
2
Let z be (-10 + 4)*(-1)/(-2) - -217. Suppose -4*m - 2*u = -878, 3*u + 2*u = m - z. What is the hundreds digit of m?
2
Let a = 4863 + -2364. What is the tens digit of a?
9
Suppose -4*b - 550 = -6*b. Let o be b/(-4) - (-21)/28. Let q = -18 - o. What is the tens digit of q?
5
Let k(h) = -14*h + 17*h + 12*h - 56. What is the units digit of k(17)?
9
Suppose 0 = 4*p - 5 + 5. Suppose 0*b - 7*b + 7 = p. What is the units digit of b?
1
Suppose -v - 2 = 14. Let n be 8/(-3)*(-156)/v. What is the tens digit of n*(1 + (-12)/8)?
1
Let l be (-8)/6*(-81)/9. Let g = l + -9. Suppose -6*y = g - 9. What is the units digit of y?
1
Suppose 4*g = 5*g - 2. Suppose -g*w - 4*f + 190 = 0, 2*w - 5*f = 237 - 56. What is the tens digit of w?
9
Let f = -236 + 433. What is the units digit of f?
7
Suppose s - 2*s + 4 = 0. Let f(a) = a**3 - 4*a**2 + 4*a - 3. What is the tens digit of f(s)?
1
Suppose 3*t - 5 = -2. Let r be ((1 + -1)/t)/(-1). Suppose 0 = -2*n - r*n + 48. What is the units digit of n?
4
Let v = 14 + -14. Let m = v + 41. What is the units digit of m?
1
What is the units digit of (-1)/(((-7)/329)/((-2)/(-2)))?
7
Let z be 2/(1 - (-44)/(-43)). Let l = z + 175. What is the tens digit of l?
8
Let k(j) be the first derivative of j**3/3 - j**2/2 + 6*j - 8. Let d be k(4). Let h = 60 - d. What is the tens digit of h?
4
Let t(z) = 5*z + 484. What is the tens digit of t(0)?
8
Suppose -11*o + 3272 = -12304. What is the thousands digit of o?
1
Suppose -11 + 0 = q. Let p(z) = 2*z + 38. What is the units digit of p(q)?
6
Let q = -2939 + 4343. What is the hundreds digit of (q/(-21))/((-3)/14)?
3
Suppose -4*z + 2*m + 134 = 0, -41*m = -45*m - 4. Suppose 0 = -3*v - 0*v + 12. Suppose -v*q + q = -5*y + 51, -3*q - z = -3*y. What is the units digit of y?
9
Suppose 301 - 13 = 6*r. What is the units digit of 1*(-2 - -3)*r?
8
Suppose 0 = 2*v - 5*i + 2, 6*v + 2*i - 26 = 4*v. Suppose 0*z + v = 3*z. Let o(j) = j**3 - 2*j**2 + 4. What is the units digit of o(z)?
3
Suppose 3*x + 3*l - 4*l - 10 = 0, -10 = -5*x + 5*l. Suppose -5*i + x*i + 123 = 0. Suppose 4*j = 3*h + j - i, 117 = 3*h + 3*j. What is the units digit of h?
0
Let u(x) = 2*x**2 - 34*x + 34. What is the hundreds digit of u(31)?
9
Let j(x) = 336*x**2 - x + 4. Let a(g) = 168*g**2 - g + 2. Let z(s) = -5*a(s) + 3*j(s). What is the units digit of z(-1)?
8
Suppose 0 = v - 104 - 53. Suppose 0 = -4*k - 5 + v. Let m = k - 16. What is the units digit of m?
2
Suppose 5*s - 6950 = u, -5*s - 2*u - 3*u = -6950. What is the units digit of s?
0
Let f be (-1 - -4) + 3/(-3). Let r be 2 + f*55/2. Let c = 81 - r. What is the units digit of c?
4
Let j be (-19)/((4 - 2)/4). Let z = 154 - 70. Let i = z + j. What is the tens digit of i?
4
Let q(o) = 77*o - 142. What is the units digit of q(9)?
1
Suppose 0 = -4*w - 99 + 711. Let c = w - 85. What is the tens digit of c?
6
Let a be 2/2 + 478 - (-22 - -20). Suppose 82 = -19*c + a. What is the units digit of c?
1
Suppose 315 = 2*w + 3*w. Let g be 4/4 - 3/